osite number?
True
Suppose 77 = -4*t + 93. Is 1155 + (1 + -17)/t a composite number?
False
Let b = -2921 + 4097. Let k = b - 427. Is k a composite number?
True
Let z(a) = 459*a - 8. Let n be z(8). Suppose 4*y = -4*u + 5916, -n = -3*u + y + 765. Is u composite?
True
Is (-66774)/(-22) + (-10)/55 prime?
False
Let i(l) = -l**3 + 31*l**2 - 4*l + 15. Let m(w) = -5*w - 17. Let r be m(-6). Is i(r) a prime number?
False
Let z(m) = 7*m**2 + 11*m - 45. Is z(5) composite?
True
Let r(z) = 22*z + 10. Let c be r(5). Suppose 0 = 2*v + c + 436. Let u = v + 401. Is u a prime number?
False
Let v(x) = 12*x**2 + 22*x + 7. Is v(-9) a prime number?
False
Let s(b) = 39*b - 4. Let j be s(8). Let w be (-6434)/(-10) + (-2)/5. Let f = w - j. Is f a composite number?
True
Suppose -5*z + 11*g = 6*g - 760, 0 = 4*z + g - 633. Is z composite?
False
Suppose 77 = 2*g - 5. Suppose -5*l + 136 = g. Is l a prime number?
True
Let q = -163 - -163. Let m(d) = 286 - 77 - d**2 + 3*d**3 - 2*d**3. Is m(q) prime?
False
Suppose 15*i + 90311 = 28*i. Is i prime?
True
Suppose 3 = -3*a - 3. Let n be 2 + (a - (0 + -2)). Suppose 4*g + 5*l = 835, -5*l - 190 = -3*g + n*g. Is g composite?
True
Is ((-993)/12)/((-19)/152) prime?
False
Let j(v) = -72*v**3 - 3*v**2 - 8*v + 7. Let i be j(-4). Suppose -2*p - i + 16501 = 0. Is p prime?
False
Suppose 3*g - 21269 = 2*h - 1115, -3*h = -4*g + 26872. Is g prime?
False
Is (19586/(-21))/(2/(-3)) a composite number?
False
Let t(r) = 26 + 12*r - 7*r**2 - 1 - 4*r**3 + 3*r**3. Is t(-11) a composite number?
True
Let t(q) = -8*q**3 - 21*q**2 + 26*q + 38. Is t(-17) a composite number?
False
Let m be 15*(-4)/8*(-2)/3. Suppose 2*g = -m*v + 1527, -4*g + 2258 = -g + v. Is g composite?
False
Let a = 24 + -19. Suppose -a*j + 6565 = -5*l, -3*j + 0*l + 2*l + 3936 = 0. Suppose -3*u - 460 = -s, -3*s - 7*u + j = -2*u. Is s composite?
True
Suppose 0*v = -7*v + 120197. Suppose 0 = -0*s - 7*s + v. Is s a composite number?
True
Suppose 0 = -z - 3*w - 11, 5*z - 25 = -0*w + w. Suppose -4*d = -z*r - d + 151, r - 38 = d. Is r prime?
True
Suppose h - 12 = -5*i, h - 1 = -2*i + 5. Suppose 2*a - l = 9, 3*a + 2*l = -i*a + 27. Suppose -5*y = -2*b - b + 575, -913 = -a*b - 3*y. Is b a composite number?
True
Is 11331/(-6)*((-3)/(-9) + -1) composite?
False
Let t(c) = 6*c + 42. Let a be t(8). Suppose -3*p + 666 + 1200 = 0. Suppose 0 = -4*h + p - a. Is h prime?
False
Let w = 11 - -9. Let h be (-2611)/28 + 3/12. Is w/(-15)*h + 3 prime?
True
Suppose -4*t + 5104 = 5*w - 0*t, 4082 = 4*w + 2*t. Is (-1 - w/(-9))*6 a composite number?
True
Suppose 0*d = 6*d - 138. Let q = d - -63. Is q composite?
True
Suppose 37*g - 12966 = 5423. Is g a prime number?
False
Let u(y) = 3*y**2 - 145*y - 89. Is u(-33) a prime number?
True
Let w(c) = c**2 + 13*c - 15. Let a be w(-15). Suppose -7*u + a*u - 776 = 0. Is u a composite number?
False
Let c(d) = 729*d + 124. Is c(7) composite?
False
Suppose 65*l - 59180 = 45*l. Is l a composite number?
True
Suppose 14 = -3*n + 4*w, -n - 5*w = -8*w + 13. Suppose n*x - 23 = 15. Is x a composite number?
False
Let d(i) = 92*i**3 - 2*i**2 + 3*i - 2. Let n(p) = -p + 4. Let r = -12 - -15. Let q be n(r). Is d(q) a composite number?
True
Let f(q) be the third derivative of 379*q**4/24 - 5*q**3/6 - 51*q**2. Is f(4) a prime number?
True
Suppose -5*t + 0*t = -20. Suppose -t*r = r - 2530. Let w = -241 + r. Is w prime?
False
Let v(b) = 1729*b**3 + 5*b**2 + 2*b - 7. Is v(3) a composite number?
False
Let j = 1021 + 490. Is j a composite number?
False
Suppose -b + 2*m = -1 - 2, 3*m = 9. Let w = 10 + b. Is w composite?
False
Let s(a) be the first derivative of -7*a**3/3 - 5*a**2/2 + 5. Let b be s(4). Is ((-7)/2)/(6/b) a prime number?
False
Let u be 4/6*-3 + 18. Let j(y) = 12*y - 1. Is j(u) a composite number?
False
Let h(a) = a**3 + 31*a**2 - 3*a - 60. Is h(-29) prime?
True
Let y(v) = 3*v**2 - 9*v + 0 - 4 - 4*v**2. Let h be y(-7). Let b = 39 + h. Is b a composite number?
True
Suppose 5*x - 5 = -2*l + 3, -2*x = 2*l - 2. Suppose -x*w = -u - 181, -4*w + 4*u - 29 = -389. Is w prime?
False
Let o(d) = -655*d - 29. Is o(-10) composite?
False
Let g = 48503 - 26314. Is g a prime number?
True
Let g = -29983 + 60240. Is g a prime number?
False
Let a(n) = 10*n**3 - 13*n**2 + 14*n - 22. Is a(15) composite?
False
Suppose 0 = 2*u - 10 + 2. Suppose 80 + 64 = -u*v. Let j = v - -71. Is j a composite number?
True
Let l(i) = 35*i**2 - 2*i + 4. Let o be l(-4). Let f = -802 + 447. Let n = o + f. Is n prime?
False
Let b be (16 + 5)/(2 - 1). Suppose l + 4*o - b = 0, 2*l + 5*o = -3*l + 30. Suppose -u + 7 = 5*g, -g = -0*g - l. Is u a composite number?
False
Let f(y) be the third derivative of y**8/2880 + y**7/720 + 13*y**6/720 - y**5/15 - 9*y**2. Let j(x) be the third derivative of f(x). Is j(6) prime?
True
Let i = -1249 + 650. Let f = i + 994. Is f a prime number?
False
Let m(a) = 8*a**2 + a + 5. Let y(h) = -15*h**2 - h - 10. Let p(g) = -7*m(g) - 4*y(g). Let z(w) = -7*w + 1. Let o be z(1). Is p(o) a prime number?
True
Let k be 1/(-5) + 11/5. Suppose -5*h - 5*m + 720 = 0, -2*h + k*m = -3*m - 281. Is h a composite number?
True
Is (-54)/(-6) + 12 + 4282 prime?
False
Is (3001464/20)/6 - 36/(-45) composite?
False
Let l(f) = -17*f + 10. Let v be (27/(-15))/((-4)/(-20)). Is l(v) a prime number?
True
Let z(r) = 2*r - 5. Let d be z(4). Let q be (-4)/d*(-36)/(-12). Is 113/(-4*1/q) a composite number?
False
Let p = 2121 + 2144. Is p a composite number?
True
Suppose 34*q + 43*q = 2498573. Is q prime?
False
Let z be 440/(-5)*(-2)/4. Let c = z + -13. Is c prime?
True
Let k(l) = 10*l**2 + 16*l + 3 + 4 - 21*l. Is k(2) prime?
True
Suppose 2*i = z + 6, -3*z + i + 15 = 6*i. Let a be z/((-2)/(4/2)). Suppose 3*x - 542 = -5*t, a*x = -x + 4. Is t composite?
True
Suppose 31*s - 20271 = 32*s. Is (3/((-18)/20))/(58/s) a composite number?
True
Let k(j) = -j**2 + j + 1. Let h(t) = t**3 + 21*t**2 - 28*t - 44. Let g(n) = -h(n) - 3*k(n). Is g(-21) composite?
False
Is ((-16)/6 - -3)*9489 composite?
False
Let g(h) = -h**3 - 5*h + 13. Let f = 7 + -14. Is g(f) a prime number?
False
Let s(c) = c**3 + 3*c**2 + 4. Let x be s(-4). Let f be ((-35)/(-2))/((-6)/x). Suppose -4*l = f - 399. Is l a prime number?
False
Let q = -10 + 13. Let r be (q*11)/((-13)/(-26)). Let s = r + -32. Is s a prime number?
False
Suppose 5*x - 188920 = -5*z, -2*z + 3*x = -48789 - 26764. Is z composite?
False
Let u = 64 - 49. Suppose -u = -5*m, l - m - 789 = 107. Is l a composite number?
True
Let y be -3 + -5 + 3 + 8. Is (-24)/(-32)*10012/y composite?
False
Let m = -2074 - -1154. Let o = -247 - m. Is o a composite number?
False
Let g(j) = -9*j**2 + 9*j + j**3 + j**3 - 4*j + 8 - j**3. Let i(f) = f**2 - 5*f - 15. Let x be i(8). Is g(x) prime?
True
Let u be (-2001)/12 + (-4)/((-48)/9). Let d be 2/(-7) - 38/14. Is (d/6)/(1/u) composite?
False
Is ((-6)/10)/((-87)/4711485) a prime number?
False
Let r = -345 - -558. Let q = r + 206. Is q prime?
True
Let t(d) be the second derivative of -d**4/24 + 97*d**3/6 + 3*d**2/2 - 4*d. Let f(b) be the first derivative of t(b). Is f(0) a composite number?
False
Suppose -5*f = 3*w - 13162 - 149, 13309 = 5*f + 2*w. Is f a composite number?
True
Let i = -972 - -660. Let t = 566 + i. Is t composite?
True
Suppose 10*f - 4*f = 12. Is ((-553)/f)/((-14)/28) a prime number?
False
Is 5*10*305 - (66 + -63) prime?
False
Let c(m) = m + 4. Let i be c(7). Suppose 5 = 4*n - y, -2*n = -n + 3*y - i. Suppose 0 = 2*l + t - 707, t - 6*t = -n*l + 701. Is l a prime number?
True
Let a = -4480 - -13361. Is a composite?
True
Let v = -1031 + -2890. Let r = 6698 + v. Is r prime?
True
Let a(s) = s**2 + 7*s + 14051. Is a(0) a composite number?
False
Let o = -13 - -19. Suppose 0 = -k - 3*k, 2*x - 3*k = o. Suppose -34 = -x*b + 29. Is b a composite number?
True
Let n = -647 + 1172. Let a = 856 - n. Is a a composite number?
False
Let j be (-2)/5 + (-22)/(-5). Suppose -5*k - 4*r + 1001 = -109, 5*k = -5*r + 1105. Suppose -14 + k = j*l. Is l prime?
True
Let g = -24 + 40. Suppose -4255 = -21*b + g*b. Is b a prime number?
False
Let k be 14/(-35)*(1 + -6). Let q(v) = 4*v**k - 1 + 6*v - 6*v. Is q(-3) a composite number?
True
Suppose 2*z - 3 = z. Suppose -8*n = -z*n - 1195. Is n prime?
True
Let g(y) = -320*y + 125. Is g(-4) composite?
True
Let n(i) be the first derivative of 2*i**3/3 + i**2/2 - i - 